{"id":2387,"date":"2024-11-27T15:10:59","date_gmt":"2024-11-27T15:10:59","guid":{"rendered":"https:\/\/galeriasopra.com\/?post_type=product&#038;p=2387"},"modified":"2024-11-27T15:10:59","modified_gmt":"2024-11-27T15:10:59","slug":"karol-bak-timeo","status":"publish","type":"product","link":"https:\/\/galeriasopra.com\/en\/product\/karol-bak-timeo\/","title":{"rendered":"Karol B\u0105k,<br\/><span class=\"productAuthor\">Timeo <\/span>"},"content":{"rendered":"","protected":false},"excerpt":{"rendered":"<p>Timeo<\/p>\n<p>Olej\/P\u0142\u00f3tno.<\/p>\n<p>60 x 50 cm.<\/p>","protected":false},"featured_media":2388,"template":"","meta":[],"product_cat":[52],"product_tag":[108,109],"yoast_head":"<!-- This site is optimized with the Yoast SEO plugin v21.7 - https:\/\/yoast.com\/wordpress\/plugins\/seo\/ -->\n<title>Karol B\u0105k,Timeo  - galeriasopra.com<\/title>\n<meta name=\"description\" content=\"Malarz, rysownik, grafik. Uko\u0144czy\u0142 Akadami\u0119 Sztuk Pi\u0119knych w Poznaniu na Wydziale Grafiki. Studia zako\u0144czy\u0142 dwoma dyplomami z wyr\u00f3\u017cnieniem w pracowni grafiki u prof. Tadeusza Jackowskiego i w pracowni rysunku u prof. Jaros\u0142awa Koz\u0142owskiego. Malarz w swoim dorobku artystycznym ma kilkana\u015bcie wystaw indywidualnych i wzi\u0105\u0142 udzia\u0142 w parunastu ekspozycjach zbiorowych, g\u0142\u00f3wnie w Polsce, Niemczech oraz Holandii.\" \/>\n<meta name=\"robots\" content=\"index, follow, max-snippet:-1, max-image-preview:large, max-video-preview:-1\" \/>\n<link rel=\"canonical\" href=\"https:\/\/galeriasopra.com\/en\/product\/karol-bak-timeo\/\" \/>\n<meta property=\"og:locale\" content=\"en_GB\" \/>\n<meta property=\"og:type\" content=\"article\" \/>\n<meta property=\"og:title\" content=\"Karol B\u0105k,Timeo  - galeriasopra.com\" \/>\n<meta property=\"og:description\" content=\"Malarz, rysownik, grafik. Uko\u0144czy\u0142 Akadami\u0119 Sztuk Pi\u0119knych w Poznaniu na Wydziale Grafiki. Studia zako\u0144czy\u0142 dwoma dyplomami z wyr\u00f3\u017cnieniem w pracowni grafiki u prof. Tadeusza Jackowskiego i w pracowni rysunku u prof. Jaros\u0142awa Koz\u0142owskiego. Malarz w swoim dorobku artystycznym ma kilkana\u015bcie wystaw indywidualnych i wzi\u0105\u0142 udzia\u0142 w parunastu ekspozycjach zbiorowych, g\u0142\u00f3wnie w Polsce, Niemczech oraz Holandii.\" \/>\n<meta property=\"og:url\" content=\"https:\/\/galeriasopra.com\/en\/product\/karol-bak-timeo\/\" \/>\n<meta property=\"og:site_name\" content=\"galeriasopra.com\" \/>\n<meta property=\"og:image\" content=\"https:\/\/galeriasopra.com\/wp-content\/uploads\/2024\/11\/timeo-scaled.jpg\" \/>\n\t<meta property=\"og:image:width\" content=\"2560\" \/>\n\t<meta property=\"og:image:height\" content=\"2147\" \/>\n\t<meta property=\"og:image:type\" content=\"image\/jpeg\" \/>\n<meta name=\"twitter:card\" content=\"summary_large_image\" \/>\n<meta name=\"twitter:label1\" content=\"Estimated reading time\" \/>\n\t<meta name=\"twitter:data1\" content=\"1 minute\" \/>\n<script type=\"application\/ld+json\" class=\"yoast-schema-graph\">{\"@context\":\"https:\/\/schema.org\",\"@graph\":[{\"@type\":\"WebPage\",\"@id\":\"https:\/\/galeriasopra.com\/produkt\/karol-bak-timeo\/\",\"url\":\"https:\/\/galeriasopra.com\/produkt\/karol-bak-timeo\/\",\"name\":\"Karol B\u0105k, Timeo - galeriasopra.com\",\"isPartOf\":{\"@id\":\"https:\/\/galeriasopra.com\/#website\"},\"datePublished\":\"2024-11-27T15:10:59+00:00\",\"dateModified\":\"2024-11-27T15:10:59+00:00\",\"description\":\"Malarz, rysownik, grafik. Uko\u0144czy\u0142 Akadami\u0119 Sztuk Pi\u0119knych w Poznaniu na Wydziale Grafiki. Studia zako\u0144czy\u0142 dwoma dyplomami z wyr\u00f3\u017cnieniem w pracowni grafiki u prof. Tadeusza Jackowskiego i w pracowni rysunku u prof. Jaros\u0142awa Koz\u0142owskiego. Malarz w swoim dorobku artystycznym ma kilkana\u015bcie wystaw indywidualnych i wzi\u0105\u0142 udzia\u0142 w parunastu ekspozycjach zbiorowych, g\u0142\u00f3wnie w Polsce, Niemczech oraz Holandii.\",\"breadcrumb\":{\"@id\":\"https:\/\/galeriasopra.com\/produkt\/karol-bak-timeo\/#breadcrumb\"},\"inLanguage\":\"en-GB\",\"potentialAction\":[{\"@type\":\"ReadAction\",\"target\":[\"https:\/\/galeriasopra.com\/produkt\/karol-bak-timeo\/\"]}]},{\"@type\":\"BreadcrumbList\",\"@id\":\"https:\/\/galeriasopra.com\/produkt\/karol-bak-timeo\/#breadcrumb\",\"itemListElement\":[{\"@type\":\"ListItem\",\"position\":1,\"name\":\"Strona g\u0142\u00f3wna\",\"item\":\"https:\/\/galeriasopra.com\/\"},{\"@type\":\"ListItem\",\"position\":2,\"name\":\"Produkty\",\"item\":\"https:\/\/galeriasopra.com\/shop\/\"},{\"@type\":\"ListItem\",\"position\":3,\"name\":\"Karol B\u0105k,Timeo\"}]},{\"@type\":\"WebSite\",\"@id\":\"https:\/\/galeriasopra.com\/#website\",\"url\":\"https:\/\/galeriasopra.com\/\",\"name\":\"galeriasopra.com\",\"description\":\"\",\"publisher\":{\"@id\":\"https:\/\/galeriasopra.com\/#organization\"},\"potentialAction\":[{\"@type\":\"SearchAction\",\"target\":{\"@type\":\"EntryPoint\",\"urlTemplate\":\"https:\/\/galeriasopra.com\/?s={search_term_string}\"},\"query-input\":\"required name=search_term_string\"}],\"inLanguage\":\"en-GB\"},{\"@type\":\"Organization\",\"@id\":\"https:\/\/galeriasopra.com\/#organization\",\"name\":\"galeriasopra.com\",\"url\":\"https:\/\/galeriasopra.com\/\",\"logo\":{\"@type\":\"ImageObject\",\"inLanguage\":\"en-GB\",\"@id\":\"https:\/\/galeriasopra.com\/#\/schema\/logo\/image\/\",\"url\":\"https:\/\/galeriasopra.com\/wp-content\/uploads\/2023\/03\/logo-for-qr-2-01-e1686765766760.png\",\"contentUrl\":\"https:\/\/galeriasopra.com\/wp-content\/uploads\/2023\/03\/logo-for-qr-2-01-e1686765766760.png\",\"width\":256,\"height\":256,\"caption\":\"galeriasopra.com\"},\"image\":{\"@id\":\"https:\/\/galeriasopra.com\/#\/schema\/logo\/image\/\"}}]}<\/script>\n<!-- \/ Yoast SEO plugin. -->","yoast_head_json":{"title":"Karol B\u0105k,Timeo  - galeriasopra.com","description":"Malarz, rysownik, grafik. Uko\u0144czy\u0142 Akadami\u0119 Sztuk Pi\u0119knych w Poznaniu na Wydziale Grafiki. Studia zako\u0144czy\u0142 dwoma dyplomami z wyr\u00f3\u017cnieniem w pracowni grafiki u prof. Tadeusza Jackowskiego i w pracowni rysunku u prof. Jaros\u0142awa Koz\u0142owskiego. Malarz w swoim dorobku artystycznym ma kilkana\u015bcie wystaw indywidualnych i wzi\u0105\u0142 udzia\u0142 w parunastu ekspozycjach zbiorowych, g\u0142\u00f3wnie w Polsce, Niemczech oraz Holandii.","robots":{"index":"index","follow":"follow","max-snippet":"max-snippet:-1","max-image-preview":"max-image-preview:large","max-video-preview":"max-video-preview:-1"},"canonical":"https:\/\/galeriasopra.com\/en\/product\/karol-bak-timeo\/","og_locale":"en_GB","og_type":"article","og_title":"Karol B\u0105k,Timeo  - galeriasopra.com","og_description":"Malarz, rysownik, grafik. Uko\u0144czy\u0142 Akadami\u0119 Sztuk Pi\u0119knych w Poznaniu na Wydziale Grafiki. Studia zako\u0144czy\u0142 dwoma dyplomami z wyr\u00f3\u017cnieniem w pracowni grafiki u prof. Tadeusza Jackowskiego i w pracowni rysunku u prof. Jaros\u0142awa Koz\u0142owskiego. Malarz w swoim dorobku artystycznym ma kilkana\u015bcie wystaw indywidualnych i wzi\u0105\u0142 udzia\u0142 w parunastu ekspozycjach zbiorowych, g\u0142\u00f3wnie w Polsce, Niemczech oraz Holandii.","og_url":"https:\/\/galeriasopra.com\/en\/product\/karol-bak-timeo\/","og_site_name":"galeriasopra.com","og_image":[{"width":2560,"height":2147,"url":"https:\/\/galeriasopra.com\/wp-content\/uploads\/2024\/11\/timeo-scaled.jpg","type":"image\/jpeg"}],"twitter_card":"summary_large_image","twitter_misc":{"Estimated reading time":"1 minute"},"schema":{"@context":"https:\/\/schema.org","@graph":[{"@type":"WebPage","@id":"https:\/\/galeriasopra.com\/produkt\/karol-bak-timeo\/","url":"https:\/\/galeriasopra.com\/produkt\/karol-bak-timeo\/","name":"Karol B\u0105k, Timeo - galeriasopra.com","isPartOf":{"@id":"https:\/\/galeriasopra.com\/#website"},"datePublished":"2024-11-27T15:10:59+00:00","dateModified":"2024-11-27T15:10:59+00:00","description":"Malarz, rysownik, grafik. Uko\u0144czy\u0142 Akadami\u0119 Sztuk Pi\u0119knych w Poznaniu na Wydziale Grafiki. Studia zako\u0144czy\u0142 dwoma dyplomami z wyr\u00f3\u017cnieniem w pracowni grafiki u prof. Tadeusza Jackowskiego i w pracowni rysunku u prof. Jaros\u0142awa Koz\u0142owskiego. Malarz w swoim dorobku artystycznym ma kilkana\u015bcie wystaw indywidualnych i wzi\u0105\u0142 udzia\u0142 w parunastu ekspozycjach zbiorowych, g\u0142\u00f3wnie w Polsce, Niemczech oraz Holandii.","breadcrumb":{"@id":"https:\/\/galeriasopra.com\/produkt\/karol-bak-timeo\/#breadcrumb"},"inLanguage":"en-GB","potentialAction":[{"@type":"ReadAction","target":["https:\/\/galeriasopra.com\/produkt\/karol-bak-timeo\/"]}]},{"@type":"BreadcrumbList","@id":"https:\/\/galeriasopra.com\/produkt\/karol-bak-timeo\/#breadcrumb","itemListElement":[{"@type":"ListItem","position":1,"name":"Strona g\u0142\u00f3wna","item":"https:\/\/galeriasopra.com\/"},{"@type":"ListItem","position":2,"name":"Produkty","item":"https:\/\/galeriasopra.com\/shop\/"},{"@type":"ListItem","position":3,"name":"Karol B\u0105k,Timeo"}]},{"@type":"WebSite","@id":"https:\/\/galeriasopra.com\/#website","url":"https:\/\/galeriasopra.com\/","name":"galeriasopra.com","description":"","publisher":{"@id":"https:\/\/galeriasopra.com\/#organization"},"potentialAction":[{"@type":"SearchAction","target":{"@type":"EntryPoint","urlTemplate":"https:\/\/galeriasopra.com\/?s={search_term_string}"},"query-input":"required name=search_term_string"}],"inLanguage":"en-GB"},{"@type":"Organization","@id":"https:\/\/galeriasopra.com\/#organization","name":"galeriasopra.com","url":"https:\/\/galeriasopra.com\/","logo":{"@type":"ImageObject","inLanguage":"en-GB","@id":"https:\/\/galeriasopra.com\/#\/schema\/logo\/image\/","url":"https:\/\/galeriasopra.com\/wp-content\/uploads\/2023\/03\/logo-for-qr-2-01-e1686765766760.png","contentUrl":"https:\/\/galeriasopra.com\/wp-content\/uploads\/2023\/03\/logo-for-qr-2-01-e1686765766760.png","width":256,"height":256,"caption":"galeriasopra.com"},"image":{"@id":"https:\/\/galeriasopra.com\/#\/schema\/logo\/image\/"}}]}},"_links":{"self":[{"href":"https:\/\/galeriasopra.com\/en\/wp-json\/wp\/v2\/product\/2387"}],"collection":[{"href":"https:\/\/galeriasopra.com\/en\/wp-json\/wp\/v2\/product"}],"about":[{"href":"https:\/\/galeriasopra.com\/en\/wp-json\/wp\/v2\/types\/product"}],"wp:featuredmedia":[{"embeddable":true,"href":"https:\/\/galeriasopra.com\/en\/wp-json\/wp\/v2\/media\/2388"}],"wp:attachment":[{"href":"https:\/\/galeriasopra.com\/en\/wp-json\/wp\/v2\/media?parent=2387"}],"wp:term":[{"taxonomy":"product_cat","embeddable":true,"href":"https:\/\/galeriasopra.com\/en\/wp-json\/wp\/v2\/product_cat?post=2387"},{"taxonomy":"product_tag","embeddable":true,"href":"https:\/\/galeriasopra.com\/en\/wp-json\/wp\/v2\/product_tag?post=2387"}],"curies":[{"name":"wp","href":"https:\/\/api.w.org\/{rel}","templated":true}]}}

Karol Bąk,<br/><span class="productAuthor">Timeo </span>

<p>Timeo</p>
<p>Olej/Płótno.</p>
<p>60 x 50 cm.</p>

<!-- This site is optimized with the Yoast SEO plugin v21.7 - https://yoast.com/wordpress/plugins/seo/ -->
<title>Karol Bąk,Timeo  - galeriasopra.com</title>
<meta name="description" content="Malarz, rysownik, grafik. Ukończył Akadamię Sztuk Pięknych w Poznaniu na Wydziale Grafiki. Studia zakończył dwoma dyplomami z wyróżnieniem w pracowni grafiki u prof. Tadeusza Jackowskiego i w pracowni rysunku u prof. Jarosława Kozłowskiego. Malarz w swoim dorobku artystycznym ma kilkanaście wystaw indywidualnych i wziął udział w parunastu ekspozycjach zbiorowych, głównie w Polsce, Niemczech oraz Holandii." />
<meta name="robots" content="index, follow, max-snippet:-1, max-image-preview:large, max-video-preview:-1" />
<link rel="canonical" href="https://galeriasopra.com/en/product/karol-bak-timeo/" />
<meta property="og:locale" content="en_GB" />
<meta property="og:type" content="article" />
<meta property="og:title" content="Karol Bąk,Timeo  - galeriasopra.com" />
<meta property="og:description" content="Malarz, rysownik, grafik. Ukończył Akadamię Sztuk Pięknych w Poznaniu na Wydziale Grafiki. Studia zakończył dwoma dyplomami z wyróżnieniem w pracowni grafiki u prof. Tadeusza Jackowskiego i w pracowni rysunku u prof. Jarosława Kozłowskiego. Malarz w swoim dorobku artystycznym ma kilkanaście wystaw indywidualnych i wziął udział w parunastu ekspozycjach zbiorowych, głównie w Polsce, Niemczech oraz Holandii." />
<meta property="og:url" content="https://galeriasopra.com/en/product/karol-bak-timeo/" />
<meta property="og:site_name" content="galeriasopra.com" />
<meta property="og:image" content="https://galeriasopra.com/wp-content/uploads/2024/11/timeo-scaled.jpg" />
	<meta property="og:image:width" content="2560" />
	<meta property="og:image:height" content="2147" />
	<meta property="og:image:type" content="image/jpeg" />
<meta name="twitter:card" content="summary_large_image" />
<meta name="twitter:label1" content="Estimated reading time" />
	<meta name="twitter:data1" content="1 minute" />
<script type="application/ld+json" class="yoast-schema-graph">{"@context":"https://schema.org","@graph":[{"@type":"WebPage","@id":"https://galeriasopra.com/produkt/karol-bak-timeo/","url":"https://galeriasopra.com/produkt/karol-bak-timeo/","name":"Karol Bąk, Timeo - galeriasopra.com","isPartOf":{"@id":"https://galeriasopra.com/#website"},"datePublished":"2024-11-27T15:10:59+00:00","dateModified":"2024-11-27T15:10:59+00:00","description":"Malarz, rysownik, grafik. Ukończył Akadamię Sztuk Pięknych w Poznaniu na Wydziale Grafiki. Studia zakończył dwoma dyplomami z wyróżnieniem w pracowni grafiki u prof. Tadeusza Jackowskiego i w pracowni rysunku u prof. Jarosława Kozłowskiego. Malarz w swoim dorobku artystycznym ma kilkanaście wystaw indywidualnych i wziął udział w parunastu ekspozycjach zbiorowych, głównie w Polsce, Niemczech oraz Holandii.","breadcrumb":{"@id":"https://galeriasopra.com/produkt/karol-bak-timeo/#breadcrumb"},"inLanguage":"en-GB","potentialAction":[{"@type":"ReadAction","target":["https://galeriasopra.com/produkt/karol-bak-timeo/"]}]},{"@type":"BreadcrumbList","@id":"https://galeriasopra.com/produkt/karol-bak-timeo/#breadcrumb","itemListElement":[{"@type":"ListItem","position":1,"name":"Strona główna","item":"https://galeriasopra.com/"},{"@type":"ListItem","position":2,"name":"Produkty","item":"https://galeriasopra.com/shop/"},{"@type":"ListItem","position":3,"name":"Karol Bąk,Timeo"}]},{"@type":"WebSite","@id":"https://galeriasopra.com/#website","url":"https://galeriasopra.com/","name":"galeriasopra.com","description":"","publisher":{"@id":"https://galeriasopra.com/#organization"},"potentialAction":[{"@type":"SearchAction","target":{"@type":"EntryPoint","urlTemplate":"https://galeriasopra.com/?s={search_term_string}"},"query-input":"required name=search_term_string"}],"inLanguage":"en-GB"},{"@type":"Organization","@id":"https://galeriasopra.com/#organization","name":"galeriasopra.com","url":"https://galeriasopra.com/","logo":{"@type":"ImageObject","inLanguage":"en-GB","@id":"https://galeriasopra.com/#/schema/logo/image/","url":"https://galeriasopra.com/wp-content/uploads/2023/03/logo-for-qr-2-01-e1686765766760.png","contentUrl":"https://galeriasopra.com/wp-content/uploads/2023/03/logo-for-qr-2-01-e1686765766760.png","width":256,"height":256,"caption":"galeriasopra.com"},"image":{"@id":"https://galeriasopra.com/#/schema/logo/image/"}}]}</script>
<!-- / Yoast SEO plugin. -->

Karol Bąk,Timeo  - galeriasopra.com

Malarz, rysownik, grafik. Ukończył Akadamię Sztuk Pięknych w Poznaniu na Wydziale Grafiki. Studia zakończył dwoma dyplomami z wyróżnieniem w pracowni grafiki u prof. Tadeusza Jackowskiego i w pracowni rysunku u prof. Jarosława Kozłowskiego. Malarz w swoim dorobku artystycznym ma kilkanaście wystaw indywidualnych i wziął udział w parunastu ekspozycjach zbiorowych, głównie w Polsce, Niemczech oraz Holandii.

Karol Bąk, Timeo - galeriasopra.com

Strona główna

Karol Bąk,Timeo
